5. What is the hundreds digit of c(2)?
8
Let f be ((-22)/(-33))/(6/27). Suppose -4*z + 354 = -f*z. What is the units digit of z?
4
Let s = -87 + 47. Let u = 617 - 507. Let v = s + u. What is the units digit of v?
0
Suppose 0 = -5*d + 2*i + 40967, -40963 = 13*d - 18*d + 3*i. What is the hundreds digit of d?
1
Suppose -12*k + 4703 + 7081 = 0. Suppose -k - 38 = -6*p. What is the hundreds digit of p?
1
Let h(z) = -3*z**3 - 31*z**2 - 181*z + 19. What is the tens digit of h(-20)?
3
What is the hundreds digit of ((-3878714)/(-105) + (-4)/30)*(-4)/(-10)?
7
Let w(c) = c + 9. Let u be w(-5). What is the tens digit of u/26 + (-3)/(39/(-4652))?
5
Let h(j) = 2*j + 19. Let w be h(-7). Suppose -l - 3*d + 100 = -147, -w*l - 2*d = -1300. What is the hundreds digit of l?
2
Suppose 3111 = -794*c + 797*c. What is the hundreds digit of c?
0
Suppose 27 = 2*a + 9. Let f = -7 + a. Suppose 2*q - 188 = -f*i, 2*q + 0*i = 3*i + 183. What is the tens digit of q?
9
Suppose -4*r + 151720 = -2*l, -303*r = -298*r - 4*l - 189647. What is the tens digit of r?
3
Suppose 0 = -g + 4 - 0. Suppose -10 = 10*z - 10. Suppose -g*t = 3*l - 433, 4*l - t = -z*l + 552. What is the tens digit of l?
3
Suppose -5*x + 14 + 1 = 0. Let u(o) = 3*o**3 - 2*o + 7 - x - 2*o**2 + 4*o - 2*o**3. What is the units digit of u(6)?
0
Let g = -33 - -34. Let d(w) = -w + 4. Let l be d(g). Suppose l*b - 1 = -4, 118 = 4*v + 2*b. What is the units digit of v?
0
Let s be 5 + -1 - (-45 + -5). Let q = 159 - s. Let v = q + 69. What is the tens digit of v?
7
Let f(j) = 863*j**2 - 50*j + 34. What is the tens digit of f(-4)?
4
Let m = -266 - -276. Suppose m*x - 5*x + 4*p - 3709 = 0, -5*x + 5*p + 3700 = 0. What is the tens digit of x?
4
What is the ten thousands digit of (3/((-45)/7071))/(50/(-1750))?
1
Let q = -133 + 496. Let t = q + 76. What is the tens digit of t?
3
Let l(f) = 7*f**2 + 9*f - 50. What is the tens digit of l(8)?
7
Let t(q) = -2*q**2 - 34*q + 3. What is the units digit of t(-16)?
5
Let d be -1*((-72)/28 - 9/21). Suppose 0 = 3*g + 2*q + 1, -d*q - 6 - 3 = 2*g. Suppose -3*o + 12 = g, 2*o + 804 = 5*b. What is the units digit of b?
2
Let q(c) = -4*c - 30. Suppose -3*r = -5*b + 18 + 22, 0 = -2*r + 3*b - 25. Let k(x) = -4*x - 30. Let m(f) = r*k(f) + 6*q(f). What is the tens digit of m(-13)?
2
Let w(y) = 1420*y**2 - 173*y + 4. What is the thousands digit of w(3)?
2
Suppose 16 = -139*v + 143*v. Suppose -4*f + 76 = 3*u, -2*f + v*u - 6*u = -36. What is the tens digit of f?
2
Let x(n) = n**3 + 17*n**2 + 3*n + 56. Let j be x(-17). Let s(q) = -2*q**3 - 3*q + 2. Let f be s(2). What is the tens digit of (-1196)/f + 1/j?
6
Suppose 4 = 2*l + 2*s, -s + 0*s = -3*l - 2. What is the hundreds digit of ((-17)/(-3) + l)/(3/189)?
3
Let s(o) = -o**3 - 7*o**2 - 8*o - 6. Let g be s(-6). Suppose 2*m + t + 4 = 0, 3*t = -0 - g. What is the tens digit of m + (-4465)/(-55) - 4/22?
8
Suppose 3*m = n + 8, -8*m - 4*n = -4*m - 16. What is the units digit of 94 + (-35)/(m + 4)?
9
Let h be 13/1 + (-2 - (2 + -4)). Suppose -16*b + h*b = -2517. What is the hundreds digit of b?
8
Let k(z) = 78*z**2 + 7*z. Let h be k(3). Suppose 3*n - 5*n + h = 3*q, 384 = n - 3*q. What is the units digit of n?
9
Suppose -4 = 5*c - 14. Suppose c*t - 140 = -4*a, 0 = 4*a - 1 + 5. Suppose -i - n = -18, -t = -5*i + n - 0*n. What is the units digit of i?
5
Let t(b) = 27 - 13*b + 4*b + 20. Let r be t(5). Suppose -4*a + 2*s + 370 = -2*a, r*a + 5*s = 349. What is the tens digit of a?
8
Let y be 0 + (-9)/(-24) + 27810/80. Let b = y - 160. What is the tens digit of b?
8
Let x(l) = 3469*l + 10066. What is the hundreds digit of x(23)?
8
Let f(p) be the third derivative of p**5/15 + p**4/8 + 2*p**3/3 - 5*p**2. Let k = -14 - -10. What is the tens digit of f(k)?
5
Let f(u) = 19*u**2 - 16*u + 21. Let q be f(12). Suppose 7*b - 12*b = -q. What is the tens digit of b?
1
Suppose 2*t + 5*m + 192 = 0, -5*t + 4*t = m + 96. Let b = 194 - t. What is the hundreds digit of b?
2
Let u = -37 - -28. Let a be 4 + -8 - 1*u. Suppose c - 37 = a*t, c - t - 8 - 49 = 0. What is the tens digit of c?
6
Let a(u) = -u**3 - 24*u**2 - 46*u + 5. What is the tens digit of a(-27)?
3
Suppose 3849*p = 3908*p - 485216. What is the tens digit of p?
2
Suppose -n + 143 = 2*o, 6*n = o + 3*n - 82. Suppose -5 = 68*g - o*g. What is the units digit of 112 + (-4 + 2 - 0)*g?
0
Suppose 148*q - 43478 = 457354. What is the tens digit of q?
8
Suppose 2*h + h + 3 = 0. Let f(i) = -29*i**2 + 42*i - 7. Let n(o) = -30*o**2 + 35*o - 6. Let t(x) = 5*f(x) - 6*n(x). What is the tens digit of t(h)?
3
Let u(z) = -2660*z - 37. What is the thousands digit of u(-4)?
0
Suppose -f - 20225 = -25*f - f. What is the tens digit of f?
0
Let w(n) = -2*n**2 - 3*n - 38. Let m be w(27). What is the units digit of (-1*(12 + 3))/(-3) - m?
2
Suppose 337128 = 49*u + 83*u. What is the thousands digit of u?
2
Suppose -24*m + 85 = -29*m. Let l(a) = 2*a**3 + 34*a**2 - 20*a + 38. What is the tens digit of l(m)?
7
What is the units digit of -1 + (-2)/(-16)*(-5 + 91)*368?
5
Let g(y) = 2*y**2 + 16*y - 17. Let s be g(8). Let b = 547 - s. What is the tens digit of b?
0
Let p(f) = f. Let u be p(0). Suppose 2*v + d - 20 = 5*d, u = -4*v + 3*d + 15. Suppose -2*o + 447 = 5*j, v*o - o - 3*j = -222. What is the tens digit of o?
3
Let b(m) = m**3 + 11*m**2 + 9*m - 15. Let g be b(-10). What is the tens digit of ((-29172)/(-165))/(1/(g/(-2)))?
4
Suppose 0 = -i + 2271 + 944. What is the thousands digit of i?
3
Let v(h) = -5*h + 6. Let l be v(2). Let i(j) = -8*j**3 + 6*j**2 - 2*j - 9. What is the hundreds digit of i(l)?
6
What is the hundreds digit of (-6)/(-27) + ((-14839752)/(-1404) - 2/(-13))?
5
Suppose -o = 3*p + 5, -1 = -9*o + 11*o + 3*p. Let s = 3 - 0. Suppose -s*c - 6*b + o*b = -20, c - 20 = -4*b. What is the units digit of c?
4
Suppose -35*r - 2*r + 1158142 = -3*r. What is the ten thousands digit of r?
3
Suppose v = -3*r - 370, 3*v - r - 3*r + 1110 = 0. Let t = v - -645. What is the tens digit of t?
7
Suppose -3*s + 17 - 3 = -2*k, s + k = 3. Let r = -7 - -16. Suppose -2*i + 103 = -5*n, -i - s*n + 80 = r. What is the tens digit of i?
5
Suppose 21*n - 103859 - 1225423 = -103260. What is the ten thousands digit of n?
5
Let d be (-10)/(-3) - (-92)/138. What is the hundreds digit of ((-32)/12)/(d/(-678))?
4
Suppose -2*j = i - 3*j - 27891, -5*j - 25 = 0. What is the thousands digit of i?
7
Let l = 68 + -55. Suppose -l*c - 285 = -883. Let q = 94 - c. What is the units digit of q?
8
Suppose 0 = -677*s + 679*s - 5838. Suppose -7*r = -12*r + 4*p + s, -4 = 4*p. What is the units digit of r?
3
Let s(f) = 2*f**3 + 17*f**2 + 6*f - 5. Let y be s(-8). Let h = 94 + y. What is the hundreds digit of h?
1
Suppose -176638 = -55*c + 24*c. What is the hundreds digit of c?
6
Let l = -1183 + 2239. Suppose 4*m - 4*o - l = 0, 335 + 201 = 2*m + 2*o. What is the hundreds digit of m?
2
Let b(j) = -j**3 - 10*j**2 - 3*j - 18. Let o be b(-10). Suppose -5*k = -5*w + 2635, 15*w - o*w + 5*k = 1565. What is the tens digit of w?
2
Let g be 1 + (4 - 4) + -1. Let j = 65 - g. What is the units digit of j?
5
Let a be ((-1)/2)/((-3)/42). Let i(k) = 4*k**3 - 5*k**3 - 17 + 10*k**3 + 8*k**3 + 9*k**2 - 18*k**3. What is the units digit of i(a)?
1
Let m = 179 - -2391. Suppose m - 7774 = -4*b. What is the tens digit of b?
0
Let z(w) = 94*w - 45. Let b be z(5). Suppose -1007 = -p - b. What is the tens digit of p?
8
Let y(q) = -3*q + 17*q + q**2 - 358 + 364 - 20*q**3. What is the units digit of y(-4)?
6
Suppose -4*y = 2*z - 9 + 43, 0 = -2*z - 10. Let f be 50/y + 7/21. What is the tens digit of (-2058)/(-56) + (-2)/f?
3
Suppose 3*y + 7 - 10 = 0. Let k = y - 7. What is the units digit of ((63/k + 2)*34)/(-1)?
9
Suppose -2*t + 0*t - 5*l = -2, 0 = -4*t - 4*l + 28. Suppose 3*c - t = 1. What is the hundreds digit of (15*c - 15/15)*5?
2
Let o = 2943 - -46635. What is the ten thousands digit of o?
4
Suppose -6*a + 17 = -7. Let y(d) be the second derivative of d**5/10 - d**4/4 - d**3/2 + 5*d**2/2 - 5*d. What is the tens digit of y(a)?
7
Let z(s) = 201*s**2 - 4*s + 2. Let o be z(5). What is the tens digit of (-4)/22 - o/(-11)?
5
Let i = -859 + 4987. What is the hundreds digit of i?
1
Suppose -13 = -12*m - 13. Suppose -5*r + 4*j + 50 = m, 2*r + 3*j - 2 = j. What is the units digit of ((-19)/(-1))/(6/r)?
9
Let f(y) = -3*y - 20. 